at is y(6)?
14
Let c = 2222 - 2232. Let g(o) = -o**2 - 10*o + 18. What is g(c)?
18
Let k(c) = -37*c**2 + c - 23. Let p(o) = -65*o**2 + o - 40. Let y(r) = 7*k(r) - 4*p(r). Suppose 4*w + 5*t = -5, 2*w + 9 = t - 4. Determine y(w).
9
Let k(z) be the third derivative of -7/24*z**4 + 1/60*z**5 + 0*z + 0 + 35*z**2 + 4/3*z**3. What is k(6)?
2
Let g(c) = -c**3 - 2*c**2 - 2*c - 13. Let q be g(-3). Let s(w) be the second derivative of -q*w**2 + 5/6*w**3 - 1/20*w**5 + 0 + 1/4*w**4 - 13*w. Determine s(4).
0
Let s(g) = 10*g + 1. Let l(d) = -7*d**2 + 147*d + 1. Let j be l(21). What is s(j)?
11
Let w(o) be the first derivative of -o**3/3 + 7*o**2/2 - 15*o + 1238. What is w(9)?
-33
Suppose 0 = -3*h, h = -5*d + 531 + 19. Let a = 89 - d. Let q(f) = -3*f - 62. Let t be q(a). Let o(k) = k. Determine o(t).
1
Let o be (0 - 3)*(-2)/6*41. Let j(f) = 14 + o - 3*f - 42. Determine j(4).
1
Let j(u) = 32*u - 27. Let f(k) be the second derivative of 23*k**3/6 - 9*k**2 + 43*k - 1. Let l(t) = 7*f(t) - 5*j(t). What is l(-9)?
0
Suppose 110*o = 113*o - 597. Let i = -195 + o. Let f(h) = 4*h - 2. Give f(i).
14
Let q(h) = -43*h**2 + 36*h + 100. Let c(g) = 9*g**2 - 7*g - 22. Let f(d) = 19*c(d) + 4*q(d). What is f(10)?
-8
Let u(v) = -v - 2. Let r(s) = 2*s**3 + s**2 + 1. Let k(m) = -5*m**3 + 37*m**2 + 2*m + 70. Let q(w) = -k(w) - 3*r(w). Let p be q(-40). What is u(p)?
-9
Let s(o) be the third derivative of 0*o**3 + 0*o + 1/24*o**5 + 7/12*o**4 + 1/360*o**6 + 0 + 11*o**2. Let p(i) be the second derivative of s(i). Calculate p(-4).
-3
Let r(a) = 2*a**2 - 6*a**2 + 5 + 3*a**3 + 2*a - 4*a**3. Let g be 252/(-630)*(1 - (-19 + 0)) + 4. What is r(g)?
-3
Let k(x) = 2*x**2 - 1. Let g(f) = -2 - 4 - 3*f - 3*f + 9*f**2. Let l(a) = -g(a) + 4*k(a). Determine l(5).
7
Let g(a) = 946*a + 3. Let v be g(0). Let o(w) be the first derivative of v*w**2 + 1/3*w**3 - 2*w + 10. Give o(-5).
-7
Let d(t) = 33*t**3 - 14*t**2 - 30*t + 6*t**2 - 32*t**3 + 38*t**2 + 37. Give d(-31).
6
Suppose 19*z - p = 23*z + 15, -14 = 4*z + 2*p. Let y(u) = u**2 + 8*u + 10. Let r be y(-8). Let g(c) = c**2 + 4 - 5*c + r*c + 1. What is g(z)?
1
Let g = -10 - -16. Let a(b) be the first derivative of -1/4*b**4 - 83 + 1/2*b**2 + 3*b + 2*b**3. Give a(g).
9
Let y(a) = -5 - a**2 + 80 + 100 - 3*a - 31. Let z be y(-14). Let t(s) = s**3 + 9*s**2 - 8*s + 4. Give t(z).
-16
Suppose 6*j - 32408 = -32438. Let a(n) = -n**3 - 10*n**2 - 30*n + 2. What is a(j)?
27
Suppose -4*t + 3 - 2 = -u, 3*u - t = 8. Let v(d) be the third derivative of 1/15*d**5 - 5*d**2 + 2/3*d**3 - 1/120*d**6 + 0 - 1/6*d**4 + 0*d. What is v(u)?
1
Let v = -3116 - -3126. Let z be 2*-1 - (-26 + 0). Suppose v*y = 6*y + z. Let n(r) = r**3 - 5*r**2 - 4*r + 7. What is n(y)?
19
Let k(f) be the second derivative of 5*f**4/12 - 13*f**3/6 + 6*f**2 + 52*f. Let c(h) = -6*h**2 + 14*h - 12. Let q(n) = -4*c(n) - 5*k(n). Determine q(6).
6
Let v(p) be the second derivative of 5*p**3/6 - 51*p**2/2 - 21*p + 13. Calculate v(10).
-1
Let m(k) be the first derivative of 4*k - 14 + 0*k**3 - k**4 - 1/2*k**2. Let a(u) = -5*u**3 - u + 5. Let p(l) = 5*a(l) - 6*m(l). Give p(-2).
7
Let y(u) = -5 + 8 - u + 4*u. Let p = -756 - -754. Determine y(p).
-3
Let u(m) = 6*m - 6. Let h(i) = 2*i**2 + 17*i - 24. Let w be h(-10). Suppose 36 = -6*p + w. Determine u(p).
-36
Let w = -4 + 19. Suppose w = -4*d - 0*v + 3*v, -3*v + 3 = 0. Let f(g) = 12*g + 1. Let y(n) = 9*n + 1. Let k(x) = -4*f(x) + 6*y(x). Calculate k(d).
-16
Let p(s) = 155*s**3 - 46*s**2 - 68*s + 98. Let y(f) = -49*f**3 + 16*f**2 + 23*f - 33. Let r(n) = 6*p(n) + 19*y(n). Give r(29).
-39
Let r(j) be the first derivative of -j**2/2 + 3*j - 2. Let w(u) = -2*u**3 - 7*u**2 + 3*u + 7. Let i be w(-5). Suppose 23 = 11*k + i. What is r(k)?
7
Let b(a) = 15*a + 39. Let f be b(-3). Let q be (3/f)/((-14)/(-56)). Let s(v) = 8*v + 5. Give s(q).
-11
Let c(v) = -31*v + 80. Let o(r) = 21*r - 55. Let b(d) = 5*c(d) + 7*o(d). Let i(y) = 6*y - 9. Let t(q) = 5*b(q) + 7*i(q). Determine t(-7).
-2
Let d(j) = -j - 3. Suppose 0 = -5*b + 5*n + 3120, 20*b - 24*b = 3*n - 2496. Let u = -626 + b. What is d(u)?
-1
Let m(x) = -4*x**2 + 10*x + 1. Suppose 19*f - 9 = -24*f + 40*f. Determine m(f).
-5
Let z = 12 - 16. Let i = 0 + z. Let l(y) = 16 + 0*y + y + 16 - 37 + 10. Give l(i).
1
Let z(a) = a**3 - a**2 - 8*a + 25. Let o = -82 + 86. Let g be z(o). Let p(n) = -8*n - 4*n**2 - 2 - g*n**3 + 40*n**3 + 12*n**2. Calculate p(6).
22
Let g = 35 + -32. Let z(p) = -3*p**3 - 2*p**3 - 6*p + 10 + 13*p**2 + g*p**3 + 4*p**3. Let f be z(-7). Let c(j) = -j**2 + 3*j - 1. Give c(f).
-1
Let w(u) = -763186*u**3 - 3 + 5*u - 2*u + 763193*u**3 + 12*u**2. Let j(f) = -3*f + f**3 - 4*f**3 - 6*f**2 + 2 + 2*f. Let q(n) = -5*j(n) - 2*w(n). What is q(-6)?
2
Let t(k) = k**2 + 7*k + 3. Let x(n) be the second derivative of n**5/20 + 13*n**4/12 - 7*n**2/2 - 117*n. Let u be x(-13). What is t(u)?
3
Let q(j) be the second derivative of j**3/3 + 13*j**2 + 12128*j. Determine q(-20).
-14
Suppose -4*l = 214*n - 212*n + 14, 2*n + 14 = 5*l. Let q(a) = a**3 + a**2 - a. Let c(x) = -6*x**3 - 12*x**2 + 8*x - 6. Let j(k) = c(k) + 5*q(k). Calculate j(n).
-27
Let v = 67 - 66. Let f(i) = -8 + 186*i - 184*i - v. Determine f(-8).
-25
Let o(b) = b**2 - 3*b - 1. Suppose 2*i - m = -0*m + 91, -4*m = 20. Let x(z) = -z**2 - 16*z - 22. Let p be x(-10). Let l = i - p. Give o(l).
9
Let t(f) = f**2 - 2*f - 15. Suppose -567 - 73 = -128*p. What is t(p)?
0
Let j be 65*(12/(-15) - 8/(-20)). Let k = j + 14. Let s(x) = x + 11. Calculate s(k).
-1
Suppose 0 = -2*h + 6*h. Suppose -19 = -r - 3*i, -9*r - 2*i + 14 = -8*r. Let b(m) = 4 - 1 + h - r + 13*m. Give b(1).
12
Let v(c) = c**2 + 17*c + 6. Suppose 98*x - 336 = 119*x. Give v(x).
-10
Let i be 0 - (4/(-2) + -14). Suppose 3*v - 44 = 4*r, -r - 4 = -3*v + i. Let u(q) = q + 7. Let t be u(r). Let p(g) = 20*g - 1. Calculate p(t).
-21
Let f(t) = -t**2 + 6*t + 6. Let n be f(0). Let j(o) be the second derivative of o**5/20 - 7*o**4/12 + 5*o**3/6 - 9*o**2/2 - 54*o. Give j(n).
-15
Let m(f) = 397554*f + 6 - f**3 - 397544*f - 26. What is m(2)?
-8
Let m(f) = 18 - 65*f + 156*f - 22 - 79*f. What is m(-6)?
-76
Let o(j) = j**3 - 7*j**2 - j + 9. Let i be o(7). Let g(z) be the third derivative of 1/30*z**5 + 0*z + 0 + 0*z**3 + 1/24*z**4 - 6*z**i. Give g(-2).
6
Let j = -4036 + 4033. Let m(u) = u**2 + 8*u + 13. What is m(j)?
-2
Let j(x) be the first derivative of -x**2 - 11*x + 696. What is j(-17)?
23
Let d(r) = -r**3 + 2*r**2 + 3*r + 3. Let i(x) = -2*x - 60. Let v be i(-36). Suppose g = -3*b + 12, 3*g - v = 4*b - 5*b. Calculate d(b).
3
Let p(w) = 5*w**2 + 5*w - 4. Let f(y) = y**2 - y + 1. Let u(r) = -6*f(r) + p(r). Let c be 24 + ((-14812)/868 - 16/(-248)). Give u(c).
18
Let b(a) be the third derivative of a**6/120 + a**5/30 + a**4/24 + a**3/2 + 6018*a**2. Give b(0).
3
Let u(m) be the second derivative of -m**3/3 - m. Let k be 10*((-14)/35 - 0). Let w be 2 + k + (-9)/18*-8. Calculate u(w).
-4
Let j(f) = 34*f + 53. Let l(x) = 104*x + 169. Let s(n) = 19*j(n) - 6*l(n). Determine s(2).
37
Let q(x) be the second derivative of 0 - x**3 + x - 1/12*x**4 - 3/2*x**2. Let r be (2/(-12))/(12/(-36)) + (-78)/12. Give q(r).
-3
Let y(a) = 0 - 1 + 42*a - 7*a**2 - 125*a + 37*a + 46*a. Let j = 1 + -2. Determine y(j).
-8
Suppose 4*i + 0*a = a + 474, 2*i - 4*a = 244. Let x = i + -113. Let n(y) = 8 + x*y - 1 - 2. Give n(-6).
-25
Let f(s) = -5*s**2 + 2*s + 2. Let j(u) = u**3 - 11*u**2 - 17*u + 54. Let o be j(12). Let v be o/(-9) + (-10)/15 + -1. Give f(v).
-5
Let z(t) = -t**2 + 5*t + 8. Suppose 3*l = 4*f - 3669, -9*f + 5*l = -5*f - 3675. Let u be f/150 + 1/(-10). What is z(u)?
2
Let i(q) = 15*q + 48. Let y(r) = -7*r - 23. Let c = -103 + 90. Let b(a) = c*y(a) - 6*i(a). What is b(-7)?
4
Let j(z) = z**2 + 11*z + 8. Suppose -9*l + 27 = 9. Let k(x) = -x**3 + 2*x**2 - 3*x + 5. Let g be k(l). Let w be ((-5)/(-10) + -1)/(g/(-16)). Calculate j(w).
-16
Suppose m + 42 = -3*i + 4*m, 4*i + 4*m + 16 = 0. Let h(d) = -6*d - 7. Let u be h(i). Suppose -49*g = -u*g - 4. Let o(j) = -3*j**2 + 3*j - 3. Determine o(g).
-9
Let p = -1560 - -1562. Let g(i) be the first derivative of -1/3*i**3 - 18 - p*i - 2*i**2. Give g(-3).
1
Let l(n) = -6 + 7*n + n - 2 - n**2. Let w be (-85914)/(-946) - (13/(-11) + 1). Let c = w + -84. Give l(c).
-1
Let j(z) be the third derivative of z**5/60 + 11*z**4/24